n = 4*g - 28. What is the highest common factor of n and c?
4
Let z = -1622 + 2102. What is the highest common divisor of 64 and z?
32
Let a = 4240 + -2406. What is the greatest common divisor of 28 and a?
14
Suppose v + w - 3 = 0, 5*v - 4*w + 4 = -8. Let a(y) = y**3 - 18*y**2 + 18*y + 9. Let r be a(17). Let z = v + r. What is the greatest common divisor of z and 26?
26
Suppose -2*g + 16 = 2*g. Let q(u) be the second derivative of 3*u**3/2 - 5*u**2 + 24*u. Let o be q(g). Calculate the highest common divisor of o and 65.
13
Let m(y) = y**3 + 34*y**2 + 254*y + 28. Let l be m(-23). Let u be 57/4 - 2/8. Let f = u + -4. What is the highest common factor of l and f?
5
Suppose 0 = 5*m - 2*m - 6. Let w be (216/(-126))/(m/(-7)). Calculate the highest common divisor of 30 and w.
6
Let s be ((-16478)/49)/(-1) - (-4)/(-14). Suppose -6*x + s = x. What is the greatest common factor of 12 and x?
12
Let j = -77 - -81. Suppose -c - 87 = -3*i, j*i - 77 - 41 = 2*c. Calculate the highest common divisor of 252 and i.
28
Let q be 12310/55 - (-6)/33. Calculate the highest common divisor of 14 and q.
14
Let g(f) = -f. Let c(d) = -2*d. Let r(i) = -3*c(i) + 7*g(i). Let h be r(-6). Let n = 189 - 165. Calculate the greatest common factor of n and h.
6
Suppose -4*d + 5*z + 72 = 0, -3*d - z + 56 = 2. Calculate the greatest common divisor of d and 1.
1
Let j be -4 - (1 + -8) - (-4 + 1). Suppose 5*r = -5*s + 2*r + 28, s - j = -r. Let p = 57 + -37. Calculate the highest common divisor of s and p.
5
Let t(o) = -o**3 + 3*o**2 + 3*o - 7. Let i be (2/2)/(4/12). Suppose -4*k + i = -5*k. Let y be t(k). Calculate the greatest common factor of 19 and y.
19
Suppose -3*g = -5*g. Suppose -4*n + 320 = 4*m, m + g*m - 78 = -3*n. What is the highest common factor of 9 and m?
9
Let x be (0 - (1 + -5))*(-2303)/(-94). Calculate the highest common factor of x and 490.
98
Let j be (-9)/27*-15 + 247. What is the highest common factor of 36 and j?
36
Let q = -1385 - -1439. Calculate the highest common divisor of q and 2862.
54
Let z(h) = h**3 - h - 3. Let r be z(2). Suppose q - 1 - r = 0. Calculate the highest common factor of 20 and q.
4
Let o be (-1*30 - -4)/(10/(-80)). What is the greatest common factor of 130 and o?
26
Let u be 10/(-55) + 732/33. Suppose u = 4*t + 14. Calculate the highest common factor of t and 18.
2
Suppose -458*t = -450*t - 5888. What is the greatest common divisor of t and 32?
32
Suppose 18*i + 3*j = 13*i + 506, 0 = -4*i + j + 398. What is the highest common factor of 10 and i?
10
Let f be -6 + (-281)/(-5) + (-10)/50. Calculate the highest common divisor of 3050 and f.
50
Let q(u) = 80*u**2 - 11*u - 9. Let i be q(-1). Calculate the highest common factor of i and 697.
41
Let u(a) = 17*a - 66. Let y be u(4). What is the highest common divisor of 118 and y?
2
Let u be 2850/35 + 4/7. Let f = u + -49. Let c = 61 - 39. What is the greatest common divisor of c and f?
11
Suppose -2*u - 4*x = 10, -4*x = -3*u + 2*u + 25. Suppose q - 5*d - 15 = 0, 5*q - 34*d = -39*d + 45. What is the highest common divisor of u and q?
5
Let p = -179 + 344. What is the highest common divisor of p and 66?
33
Let q be (-259)/(-9) + 6/27. Let y = 54 + -53. Suppose -2*c = -59 + y. Calculate the highest common divisor of q and c.
29
Let k = 1905 - 1797. What is the highest common factor of k and 297?
27
Let p(v) = v**3 - 8*v**2 + 9*v - 2. Let c be p(8). Let k(j) = -j**3 - 7*j**2 + 10. Let d be k(-7). Calculate the highest common factor of d and c.
10
Suppose -25*g + 26*g + 3 = 0, 0 = 3*x + 5*g - 441. Calculate the greatest common factor of 32 and x.
8
Let c = -111 - -331. Suppose 4*b - j - 75 = 0, 5*b - 2*j = j + 85. What is the highest common divisor of b and c?
20
Suppose -l + 5*v + 34 = -587, 0 = -l - 4*v + 648. Calculate the greatest common factor of l and 12.
12
Suppose 2*p - 10 = 4*m + 3*p, 5*m - 3*p = -4. Let g(y) = -y**3 - y**2 - y + 2. Let k be g(m). What is the greatest common factor of k and 12?
4
Suppose -k = -0*v - 2*v - 6, -4*k - 28 = 5*v. Let l = v + 3. Let n = 2 - l. What is the greatest common divisor of 3 and n?
3
Let r(a) = 20*a. Let h(g) = g. Suppose 2*o = 3*l - 16, 2*l + 0*o - 3*o = 14. Let s be h(l). Let w be r(s). What is the greatest common divisor of 10 and w?
10
Let h = -894 - -2015. Calculate the highest common divisor of h and 19.
19
Let y be (-6)/(-30) + 529/5. Suppose 5*c - 4*j = 4*c + y, 5*c - 645 = -3*j. Calculate the greatest common divisor of 14 and c.
14
Let k(a) = 4*a**2 - 10*a - 1. Let n be k(-7). Suppose -7*w - n = -12*w. Calculate the greatest common factor of 53 and w.
53
Let p be (195/(-26))/((-1)/36). Calculate the greatest common divisor of 216 and p.
54
Let c(w) = -w**3 + 17*w**2 - 12*w + 10. Let l be c(7). Calculate the greatest common factor of 32 and l.
32
Suppose 4*f - f = 0. Suppose 50 = j - f*j. What is the highest common factor of j and 20?
10
Suppose -1991*w = -1996*w + 40. Suppose 9 = -3*m - 3*t, 0 = -m - t - 3*t - 15. Let c be m/4 - 12/(-16). What is the greatest common factor of c and w?
1
Let z be (-42)/(-7) + 7/1. Calculate the highest common divisor of z and 39.
13
Let t be ((-1)/(-1))/((-1)/(-2)). Suppose 5 = -5*b, l + 0*b - t*b - 3 = 0. Calculate the highest common divisor of l and 2.
1
Let o(l) = -2*l**3 - 2 + l**3 + 5 + l**2 + l + 29. Let u be o(0). Calculate the greatest common factor of 48 and u.
16
Suppose -4*s = 4*r - 60, -r + 3*s = -2*r + 9. Let l(h) = 3*h**3 - 3*h**2 + 4*h - 2. Let w be l(2). What is the greatest common divisor of w and r?
18
Suppose -7*r = -8*r + 171. Calculate the highest common divisor of r and 9.
9
Let h(f) = -3*f - 33. Let v be h(-12). Suppose 0 = -v*g + 4*g - 46. Calculate the highest common factor of g and 115.
23
Let h = -4 + 14. Let t be (-8)/4*2 - -3. Let j be (-1 + -39)*t/2. What is the highest common factor of j and h?
10
Let l(q) = -15*q + 234 + 17*q**2 - q**3 - 17*q - 253. Let f be l(14). Calculate the highest common factor of f and 11.
11
Suppose 2*t + 6*r - 5*r - 179 = 0, 2*t = 5*r + 185. Calculate the greatest common divisor of 108 and t.
18
Let d(p) = -59*p + 602. Let x be d(10). Calculate the highest common factor of x and 492.
12
Suppose 4*r = -2*c + 8, 16 = c - 3*c + 2*r. Let f be c/((-40)/295) - 1/(-2). What is the greatest common factor of f and 12?
6
Let h be (-2)/(-7) + (-26)/(-7). Let l be ((-42)/5)/(3/(-10)). Suppose 2*m + h*x - 14 = 0, -2*x + l = 4*m - x. Calculate the highest common factor of m and 7.
7
Let x(o) = -o**2 - 7*o + 1. Let n be x(-4). Let y = -1063 - -1167. What is the highest common factor of n and y?
13
Suppose 190 + 50 = 4*i. Calculate the highest common divisor of i and 15.
15
Suppose -4*b + 294 = -3*w, 5*b - 2*w - 224 - 147 = 0. What is the highest common factor of 50 and b?
25
Let b(n) = 183*n + 105. Let y(v) = 23*v + 13. Let s(a) = 4*b(a) - 33*y(a). Let z be s(-4). What is the greatest common divisor of z and 9?
9
Let r = 29 - -4. Let n(c) = c**2 - 4*c - 10. Let d be (-232)/(-28) + 4/(-14). Let y be n(d). Calculate the greatest common divisor of y and r.
11
Let o be (-3)/((9/16)/(-3)). Let m(q) = 4*q**3 - 25*q**2 + 19*q + 2. Let c be m(6). What is the greatest common divisor of o and c?
16
Let x(p) = p - 1. Let n be x(4). Suppose -24 = -n*b + 75. What is the greatest common factor of b and 55?
11
Let r = 55 - 34. Let u(c) = 65*c - 65*c + c**2 + r + c**3. Let q be u(0). Calculate the highest common divisor of q and 14.
7
Let i = 84 + 106. What is the greatest common factor of i and 10?
10
Let g(u) = -u**2 - 4*u + 14. Let d be g(-6). Suppose 0*h = 3*h - 6. Suppose 5*o = h*a - 2, -6*a = -a - 3*o - 5. What is the highest common factor of d and a?
1
Let w(o) = 4 - 6*o**2 - 4*o + o**3 + 16*o - 7*o**2. Let t be 48/10*80/32. Let d be w(t). What is the greatest common factor of 2 and d?
2
Let g be 186/(-66) - (-4)/(-22). Let a = 12 - g. Suppose -4*o + 174 = 5*t, t - o = a + 18. Calculate the greatest common divisor of t and 17.
17
Suppose -5*s - 4 - 11 = 0. Let y = 5 + s. Suppose 3*q = -2*a - q + 4, 22 = 2*a - y*q. Calculate the greatest common factor of a and 8.
8
Suppose -9*i - 50*i + 18644 = 0. What is the highest common factor of i and 4?
4
Let h be 0 + (-2)/(-18) - (-3652)/747. What is the highest common factor of h and 415?
5
Suppose -3*n = -3*u - 2*u - 28, -5*u - 4*n - 56 